63
Let c(w) = -1 + 4*w + w**3 - 2 - 2 + 1 - 4*w**2. Suppose 0*t - 5*y = 4*t - 11, 5*y = 5*t - 25. What are the prime factors of c(t)?
2, 3
Let b(g) = -g**3 + 3*g**2 + 7*g - 4. Let q(f) = 2*f**2 - 4. Let j be q(-2). What are the prime factors of b(j)?
2
Let i(z) = -z**3 + 10*z**2 - 7*z + 6. Suppose 3*t + t + 216 = 5*n, -4*n - 4*t + 144 = 0. Let h be ((-96)/n)/((-3)/10). List the prime factors of i(h).
2, 3, 13
Let n(p) = p**3 + 15*p**2 - 3*p + 24. What are the prime factors of n(-13)?
401
Let f = 46 - 19. Suppose f*x - 14 = 25*x. List the prime factors of x.
7
Let u = 8 - 4. Suppose 32 = u*j - 48. Suppose -j*y = -17*y - 78. What are the prime factors of y?
2, 13
Let x be 4/(-2) + 379 + 9. Suppose -5*j + 4*f = -x, 5*f + 95 - 22 = j. List the prime factors of j.
2, 3, 13
List the prime factors of (-16030)/(-21) - ((-40)/15 + 2).
2, 191
Let o = 5 + 19. Let m = o - 34. Let d = m + 12. List the prime factors of d.
2
Let v(d) be the first derivative of -d**4/4 - 10*d**3/3 - d**2 - 13*d + 244. Let u = 1 + -11. List the prime factors of v(u).
7
Let c = 5 + -12. Let g = c + 11. What are the prime factors of g?
2
Let q = 1147 + -411. Suppose 5*l - q = -3*j + 5*j, 150 = l + j. Suppose 0*h = -4*h + l. What are the prime factors of h?
37
Let a = -3 + 3. Let j(z) = z**2 + z + 60. Let b be j(a). Suppose 4*m - b = m. List the prime factors of m.
2, 5
Suppose -7*f + 10 = 5*y - 2*f, 5*y - 11 = -4*f. Suppose 3*i = -y*i + 18. Suppose 0 = g + 5*x - 3, -5*g = -i*x + x - 42. What are the prime factors of g?
2
Suppose 28 + 136 = 4*p. Suppose -i + 114 = u - p, -4*u = -3*i + 444. Let y = i + -73. List the prime factors of y.
79
Let o(k) = -k**2 + 152*k + 7. What are the prime factors of o(9)?
2, 647
Suppose 2*f + 2 = -b, -6 - 31 = -4*b + f. Suppose 4 = b*u - 6*u. Let i(y) = 2*y**3 - y**2 - 2. What are the prime factors of i(u)?
2, 5
Let f(q) = q**2 - 21*q + 4. Let l be f(13). Let p = 142 + l. What are the prime factors of p?
2, 3, 7
Let y be 11 + -6 - (1 - -1). Suppose -y*m = 45 - 312. What are the prime factors of m?
89
Let g be -2 + (-3 - 1) + 0. Let w(h) = h**2 + 2*h + 8. Let p be w(g). Let s = p + -23. What are the prime factors of s?
3
Suppose -5 - 11 = -h. Let z(i) = i**2 - 11*i + 38. Let w be z(8). Suppose -h = -5*d + w. List the prime factors of d.
2, 3
Let i be (-4)/(-26) - 30/195. Suppose c - 10 = -3*x - 0*c, i = -5*c + 20. What are the prime factors of x?
2
Let u(m) = 4*m**2 - 14*m + 109. List the prime factors of u(39).
5647
Let f(o) = o**3 + 8*o**2 - 17*o - 15. Let i be f(-8). Let g = i + -99. What are the prime factors of g?
2, 11
Suppose z + 64 + 13 = 0. List the prime factors of -3 + 1/((-1)/z).
2, 37
Let s be (-39)/(-9) + 3/(-9). Suppose b - s*g - 19 = 0, 0 = 5*b - g - g - 23. Suppose 5*a - 2*a = h - 35, -2*h + 61 = b*a. What are the prime factors of h?
2
Let j be 2/(0 - 6/(-9)). What are the prime factors of 337/j - (-14)/21?
113
Suppose -2*o - 2*o + 196 = 0. List the prime factors of o.
7
Suppose 0 = d + 2*s - 3205, 0 = -11*d + 13*d - 2*s - 6398. List the prime factors of d.
3, 11, 97
Let p be -22*14/(-16) - 11/44. Suppose 4*m - 5*g - 15 = p, 0 = -4*m + 2*g + 28. List the prime factors of m.
2, 3
Suppose -4*d + 56 = x, 0 = -2*d + 2*x + 19 + 19. Suppose 4*a - 5 - d = 0. Suppose a*l = 3*l + 44. What are the prime factors of l?
2, 11
Suppose -3*g - 14 = 4. What are the prime factors of g + 68 - (3 + -1*1)?
2, 3, 5
Let d = -1 + 3. Suppose -4*h + 4*g + 416 = 0, -h + d*g + 97 + 10 = 0. List the prime factors of h.
101
Let c be -3*(-8)/6 - 640/(-5). Suppose 3*d - 53 - c = -4*q, -d + 4*q = -67. List the prime factors of d.
3, 7
Let m be (-1)/(-2*(-3)/18). List the prime factors of m/(-9) + (-1045)/(-15) - 0.
2, 5, 7
Suppose 5*m + 3*v - 28547 = 0, -14966 = -3*m + 2*v + 2147. List the prime factors of m.
13, 439
Let l(w) = 22*w**3 + 4*w**2 - 5*w + 3. What are the prime factors of l(3)?
2, 3, 103
Let x = 21 - 33. Suppose 4*y + 107 = -25. Let m = x - y. What are the prime factors of m?
3, 7
Let y = -11 - -187. List the prime factors of (-6*2/(-16))/(2/y).
2, 3, 11
Let y be (3 + -37)*-1 - 4. Suppose 42 + y = -3*h. Let p = h - -63. What are the prime factors of p?
3, 13
Let w(v) be the second derivative of 7/6*v**4 + 0 + 5/3*v**3 + 15/2*v**2 + 11*v + 1/20*v**5. List the prime factors of w(-13).
2, 3
Suppose -8*n + 764 = -6*n. List the prime factors of n.
2, 191
Let h(l) = 7*l**2 + 5*l + 8. Let t(x) = -4*x**2 - 3*x - 4. Let n(k) = 3*h(k) + 5*t(k). Let o be n(2). List the prime factors of o/(-52) + (-2400)/(-52).
2, 23
Suppose -2*b - 3 = -19. Suppose 0*v + 216 = b*v. List the prime factors of v.
3
Suppose 0 = -3*m + 6*m - 66. List the prime factors of -3 + m/8 - 257/(-4).
2
Let n be 1 + 3 + 1 + -2. Suppose 0 = -0*f + n*f + 2*o - 5, 4*f = -2*o + 10. Suppose 2*c + f*g = 40, -c + 0*c + g = -20. List the prime factors of c.
2, 5
Suppose -4*c - 20 = 3*m - 3*c, 0 = -5*c - 25. Let y(s) = s + 8. Let o be y(m). Suppose -61 = -6*k + o*k - 5*g, -g = -2. What are the prime factors of k?
17
Let x(l) = -l**2 + 9*l - 8. Suppose -o - b - 3 = -12, -b + 2 = 0. Let y be x(o). What are the prime factors of 3*(52/y - 0)?
2, 13
Suppose 224*w - 126819 = 191*w. List the prime factors of w.
3, 7, 61
Let z(q) = q**2 + 4*q + 1. Let s be z(-3). Let u = s + 6. Suppose 3 = 2*a - 3*j - 6, -3*j - 33 = -u*a. What are the prime factors of a?
2, 3
Let z = -18 - -39. Let a = 142 - z. What are the prime factors of a?
11
Let u be 125/2 - (-21)/14. Suppose u = 9*b - 13*b. Let r = b - -35. What are the prime factors of r?
19
Let h(l) = l**3 + 15*l**2 - 38*l - 13. List the prime factors of h(-14).
5, 11, 13
Let z be 1 + 93/18 - (-5)/(-30). Let n(q) = q**3 - q**2 - 7*q - 3. What are the prime factors of n(z)?
3, 5
Let m(o) = 8*o**3 - 9*o**2 - 4*o + 8. What are the prime factors of m(4)?
2, 3, 5
Let s(m) = 4*m**3 - 2*m**2 + 2*m - 1. Let x be s(1). Suppose x*l = -2*j - 2*l + 50, 0 = -2*j + 4*l + 68. What are the prime factors of j?
2, 3, 5
Let h = -1079 + 1561. List the prime factors of h.
2, 241
Suppose -591*t - 1128 = -593*t. List the prime factors of t.
2, 3, 47
Let l be (26/(-2))/(4/(-88) - 0). Suppose 3*w - 5*y - 241 = -24, 0 = -4*w + 5*y + l. What are the prime factors of w?
3, 23
Let i(q) = q**2. Let n be i(1). Let m be 5/(-20) + n/4. Suppose -5*w + 72 + 53 = m. List the prime factors of w.
5
Let p(u) = u**2 + u + 23. Let a be p(0). Suppose 7 - a = -w. List the prime factors of (-3)/24 + 578/w.
2, 3
Let w be (-1356)/48 - 1/(-4). Let g = 22 + w. Let q(x) = -5*x - 2. What are the prime factors of q(g)?
2, 7
Suppose 6*g + 8*g - 35868 = 0. List the prime factors of g.
2, 3, 7, 61
Suppose 15*a - 2731 = 6494. Suppose a - 151 = 8*l. List the prime factors of l.
2, 29
Let x(i) = -i - 47. Let n be x(-14). What are the prime factors of 6/n + (-3044)/(-44)?
3, 23
Let m be ((-3)/2)/((-6)/32). Suppose -6*u = -m*u + 58. List the prime factors of u.
29
Let x(v) = -v**2 + 11*v + 14. Let m be x(12). Suppose 0 = m*z - 95 - 151. Let h = -68 + z. What are the prime factors of h?
5, 11
Let k be (-22)/(-165) + 298/15. Suppose -3*s = -92 + k. What are the prime factors of s?
2, 3
Let x(p) = p**2 + 2*p. Let j be ((-24)/90*3)/(1/(-5)). List the prime factors of x(j).
2, 3
Suppose -x = 3*o + 2*x - 6, -4*o + x = -28. Let b(j) = j**2 - 8*j + 7. Let q be b(o). Let z = q - -10. List the prime factors of z.
5
Suppose -5*s - 1446 = -r, 23*r = 20*r - 3*s + 4320. List the prime factors of r.
11, 131
Let n be -7 + 5 - (0 + -51). Suppose -16 + 17 = -j. What are the prime factors of j*(3/3 - n)?
2, 3
Let a(m) = 234*m - 21. Let j be a(8). Suppose -20*z + j - 271 = 0. List the prime factors of z.
79
Let j(v) = 7*v + 49. Let x be j(-6). Let h(z) = 2*z**2 - 3*z - 4. List the prime factors of h(x).
73
Suppose y = -4*z + 6*y + 23, 4*z = 3*y + 17. Suppose -188 = -4*c - j, z*c - 4*j = j + 72. List the prime factors of c.
2, 23
Suppose 4*v - 41 = 3*r, 3*v - 6 - 15 = -r. Suppose 2*t - h = 81, -3*t - 199 = -v*t - h. List the prime factors of t.
2, 5
Suppose -2*n - 1115 = -5*q, 2*n + 2*n = 0. What are the prime factors of q?
223
List the prime factors of 16/20 - (-2752)/10.
2, 3, 23
Suppose 3*o - 5602 = -5*k, -4*k + 119 = 123. List the prime factors of o.
3, 7, 89
Suppose -x - 4*f = 350, x + 2*f + 166 = -174. Let b = 573 + x. List the prime facto